, what is 213 + 0?
213
In base 6, what is 13152 + -4?
13144
In base 4, what is 1 - -2331?
2332
In base 15, what is a2b - 2?
a29
In base 12, what is 4 - -916?
91a
In base 4, what is 2 + 12?
20
In base 5, what is -3341 - -4?
-3332
In base 16, what is 21 + 0?
21
In base 15, what is 161 + 4?
165
In base 13, what is 3 - 1692?
-168c
In base 10, what is 4 + -1119?
-1115
In base 9, what is -4 + -3473?
-3477
In base 2, what is 1000101001 + -100101?
1000000100
In base 11, what is 14 - -10?
24
In base 14, what is 105c + -3?
1059
In base 5, what is 10 + 23022?
23032
In base 16, what is -4 - 2fc?
-300
In base 7, what is -4 - 126?
-133
In base 14, what is -c3a0 - 1?
-c3a1
In base 14, what is -4998 + -3?
-499b
In base 2, what is 100 + 1100?
10000
In base 10, what is -12 - -6?
-6
In base 10, what is -715 - -2?
-713
In base 10, what is 4 - -743?
747
In base 6, what is 2 + -4202?
-4200
In base 2, what is 0 - 0?
0
In base 12, what is 5 - 9a1?
-998
In base 9, what is -2 + -166?
-168
In base 14, what is 5 + -1a?
-15
In base 15, what is -1d33 + 5?
-1d2d
In base 16, what is c73 - -5?
c78
In base 4, what is 132 + 1332?
2130
In base 9, what is -1208 + 0?
-1208
In base 6, what is 3 + 1515?
1522
In base 3, what is 100 + 2?
102
In base 8, what is 4 - -142?
146
In base 13, what is 2 - 47?
-45
In base 8, what is 164 - 25?
137
In base 4, what is 122 + -202?
-20
In base 16, what is -1143 + 0?
-1143
In base 11, what is -2 + -344a?
-3451
In base 8, what is -40 - -21?
-17
In base 8, what is -176 - 15?
-213
In base 2, what is -11 - -111001?
110110
In base 8, what is -25321 + -5?
-25326
In base 6, what is 4 + -15554?
-15550
In base 5, what is 14 - -1?
20
In base 9, what is -3 - 3845?
-3848
In base 4, what is -213 + 11?
-202
In base 7, what is -500 + 0?
-500
In base 9, what is 2 - 1480?
-1477
In base 3, what is -12 + 102100?
102011
In base 3, what is 20 - 21020?
-21000
In base 4, what is 23 + -230?
-201
In base 12, what is 85 - 12?
73
In base 6, what is -11 + -3151?
-3202
In base 2, what is 110110100 + 11?
110110111
In base 13, what is 1 + 29a?
29b
In base 15, what is 0 - 13?
-13
In base 14, what is 14 + -aa?
-96
In base 13, what is a + -81?
-74
In base 13, what is -45 + -16?
-5b
In base 11, what is -3 + 485?
482
In base 6, what is 401 + 3?
404
In base 11, what is 16 - -426?
441
In base 7, what is 1 + 12034?
12035
In base 11, what is 92a + 7?
936
In base 16, what is 1 - -1d1?
1d2
In base 7, what is -2 - -2065?
2063
In base 3, what is 2111201 + -2?
2111122
In base 5, what is -3 + -13001?
-13004
In base 5, what is -3300 - -20?
-3230
In base 10, what is 1 + -19?
-18
In base 9, what is -2 + 140?
137
In base 3, what is -20100 - -11?
-20012
In base 7, what is 1 - 3533?
-3532
In base 6, what is 135203 + -2?
135201
In base 4, what is 322320 - 1?
322313
In base 8, what is -4 + -1133?
-1137
In base 8, what is 0 - -553?
553
In base 12, what is -a49 - -a?
-a3b
In base 14, what is 114 - 14?
100
In base 9, what is -21 - 868?
-1000
In base 6, what is -151 + 0?
-151
In base 9, what is 25 + 158?
184
In base 6, what is 123345 - 1?
123344
In base 3, what is -120 - -2?
-111
In base 2, what is 100 + -100100100?
-100100000
In base 16, what is -3c + e?
-2e
In base 14, what is b - -10?
1b
In base 11, what is -8 + -364?
-371
In base 2, what is 100 - 1100?
-1000
In base 6, what is -3 + -151?
-154
In base 4, what is -211232 + -10?
-211302
In base 10, what is 102 + -10?
92
In base 7, what is -5060 - 0?
-5060
In base 13, what is 5 - 1?
4
In base 12, what is -18 + 6?
-12
In base 4, what is 121 + -3?
112
In base 7, what is -434 + 3?
-431
In base 3, what is -11 + 2020202?
2020121
In base 8, what is -1 - -322?
321
In base 2, what is 0 + -10001110101?
-10001110101
In base 8, what is -5 + -2240?
-2245
In base 3, what is -10210110 + -10?
-10210120
In base 13, what is 67 - -66?
100
In base 11, what is -17 + 7?
-10
In base 15, what is -5 - -83?
7d
In base 10, what is 6128 + 2?
6130
In base 12, what is -5 - -39?
34
In base 7, what is -11 - -16?
5
In base 11, what is -2a + -8?
-37
In base 7, what is -10 + 236?
226
In base 9, what is 3 + -2062?
-2058
In base 11, what is 115 - -11?
126
In base 2, what is 100 - -1010010?
1010110
In base 13, what is 4 + -60b?
-607
In base 4, what is 102022 + -1?
102021
In base 12, what is -55 - 19?
-72
In base 2, what is -10010000 + 111110?
-1010010
In base 7, what is -11 + 2?
-6
In base 9, what is -5285 - 4?
-5300
In base 5, what is 4 - -32?
41
In base 10, what is -4 - 1?
-5
In base 10, what is 3 + -223?
-220
In base 13, what is 1ca1 - -5?
1ca6
In base 6, what is -124 - 3?
-131
In base 12, what is 56 - -39?
93
In base 2, what is 1000011110100 + -100?
1000011110000
In base 4, what is 23121 - -10?
23131
In base 2, what is 10000010 - -10100101?
100100111
In base 3, what is 101101 - -2?
101110
In base 3, what is 1 - 201?
-200
In base 10, what is -1 + 39?
38
In base 3, what is 110 - 201120?
-201010
In base 3, what is 12 - -1002222?
1010011
In base 16, what is 10 + -a?
6
In base 13, what is 2 + 12b2?
12b4
In base 4, what is -2 + 303?
301
In base 3, what is -20201 + 111?
-20020
In base 9, what is 14 + -1222?
-1207
In base 8, what is -5 + -140?
-145
In base 14, what is -5 - -178?
173
In base 10, what is -10 + 185?
175
In base 12, what is 1 - -60?
61
In base 9, what is 1421 - 1?
1420
In base 6, what is -40 - -14?
-22
In base 6, what is -25 + -4?
-33
In base 3, what is 1 - -1?
2
In base 8, what is -7 - -20?
11
In base 4, what is -110211 + 12?
-110133
In base 11, what is -5 + a?
5
In base 15, what is 1061 + -4?
105c
In base 12, what is 11502 - 4?
114ba
In base 9, what is -823 + -3?
-826
In base 9, what is -8674 - -1?
-8673
In base 14, what is 89 - -13?
9c
In base 9, what is -62 - 308?
-371
In base 13, what is -277 + 14?
-263
In base 14, what is -13d - -2?
-13b
In base 9, what is 154 + -1?
153
In base 7, what is 345 - 3?
342
In base 8, what is -22 + -6?
-30
In base 8, what is -2 - 10377?
-10401
In base 3, what is -1 - -11221?
11220
In base 3, what is -11 - -22212?
22201
In base 4, what is -10 + -10012?
-10022
In base 13, what is 4 + -c54?
-c50
In base 4, what is 12031 - 11?
12020
In base 16, what is 3 - 33?
-30
In base 14, what is -119 + 5?
-114
In base 5, what is -212 + -12?
-224
In base 5, what is 1203 - 13?
1140
In base 14, what is 0 - -16?
16
In base 3, what is -10 - -110200?
110120
In base 2, what is 100011100110 + 100?
100011101010
In base 14, what is 4 - -224?
228
In base 13, what is 3 - 19ab?
-19a8
In base 12, what is 26 + b?
35
In base 16, what is -ea - c?
-f6
In base 10, what is -1 + -69?
-70
In base 16, what is 2 - 86?
-84
In base 12, what is 97 - 1?
96
In base 12, what is -855 + 5?
-850
In base 5, what is 434 - -1012?
2001
In base 3, what is 10 - -1010?
1020
In base 7, what is -1 - 25066?
-25100
In base 2, what is -110 - 11111?
-100101
In base 12, what is 11b7 + 5?
1200
In base 10, what is 2 + -177?
-175
In base 15, what is 3b + a?
46
In base 16, what is -42 + 0?
-42
In base 15, what is -3 + 12?
e
In base 4, what is -1 - -321132?
321131
In base 13, what is -2b02 + -5?
-2b07
In base 6, what is -4 + -15?
-23
In base 16, what is -3 + 3f8?
3f5
In base 3, what is -121 + -1012?
-1210
In base 14, what is -4 - -30?
2a
In base 9, what is -84 + -3?
-87
In base 10, what is -1 + 21?
20
In base 9, what is -28 - 34?
-63
In base 5, what is -1021 + -131?
-1202
In base 12, what is -5 + 91?
88
In base 10, what is 25 - -6?
31
In base 12, what is 78 + -ba?
-42
In base 16, what is -5 - -f?
a
In base 2, what is -11 - 1011000001010?
-1011000001101
In base 2, what is 1111 - -11100001?
11110000
In base 10, what is 108 - 62?
46
In base 14, what is -6 - a?
-12
In base 2, what is -111000011 + 0?
-111000011
In base 3, what is -222221 + -2?
-1000000
In base 7, what is 0 - 10642?
-10642
In base 6, what is 3 - 434?
-431
In base 5, what is 10002 - -10?
10012
In base 9, what is -6 + 6701?
6684
In base 2, what is 100110 + 1101001011?
1101110001
In base 13, what is c + 4?
13
In base 15, what is 277 - 3?
274
In base 12, what is 4 - -3a6?
3aa
In base 7, what is -34605 + 0?
-34605
In base 14, what is 5 - -b9?
c0
In base 3, what is -10 + -2201000?
-2201010
In base 6, what is -110 + 3?
-103
In base 13, what is -1384 - 5?
-1389
In base 9, what is -757 - 3?
-761
In base 6, what is -5 - -12412?
12403
In base 8, what is 1 + 74?
